f t(s)?
61
Let r(a) = a**3 + 6*a**2 - a + 2. Let p be r(-6). Suppose 6*o = p*o. Suppose o = -2*v + 60 - 16. List the prime factors of v.
2, 11
Suppose -x + 3 + 7 = 0. Let t(q) = -9*q - 9 + x - q**2 + 5. What are the prime factors of t(-7)?
2, 5
Suppose 20*s + 588 = 24*s. List the prime factors of s.
3, 7
Suppose 149 = 11*p - 654. What are the prime factors of p?
73
Let m(x) = x**3 + 57. Suppose -4*j + 0 = -0. What are the prime factors of m(j)?
3, 19
Let t(i) = i + 19. Let h be t(-15). Suppose h*k + 0 = 12. Suppose 7*b - 190 = 2*b + a, 3*b = k*a + 102. What are the prime factors of b?
3, 13
What are the prime factors of (-70034)/(-18) + 1313/117 + -11?
3, 1297
Let f = -96 - -58. Let w = 4 - f. List the prime factors of w.
2, 3, 7
Let b = -2118 - -3671. List the prime factors of b.
1553
Let v(a) = -20*a + 2. Let s be v(3). Let c = s - -22. Let u = -19 - c. List the prime factors of u.
17
Let p = 148 - -1236. List the prime factors of p.
2, 173
Let t(z) = -273*z - 282. List the prime factors of t(-5).
3, 19
Let i = -40 + 26. Let t be (-10)/i + (-2)/(-7). Suppose 8 = 3*d - t. What are the prime factors of d?
3
Suppose -5*y = h - 996, 7*h - y - 4954 = 2*h. List the prime factors of h.
991
Let m = 20 + -16. Suppose p = m*p. Suppose p = -2*l - 3*l + d + 84, 4*l = d + 67. List the prime factors of l.
17
Let w be 772/5 - 10/25. Let y = 263 - w. List the prime factors of y.
109
Let z(m) = m**2 + 7*m + 23. Let j be 3/(-5) + 22*(-42)/60. List the prime factors of z(j).
167
Let y(b) = b**2 + 4*b - 4. Let d be y(4). Suppose -93 = -4*m - c, m + 2*c = -3*c + d. Suppose l - m = -0. List the prime factors of l.
23
Suppose 422*d - 413*d = 15237. What are the prime factors of d?
1693
Let i = -1051 + 1594. List the prime factors of i.
3, 181
Let v(y) = -y + 4. Let g be v(4). Suppose 3*f - 377 = -g*x + 5*x, -f + x = -127. List the prime factors of f.
3, 43
Suppose 0 = -4*k + 48*k - 184536. What are the prime factors of k?
2, 3, 233
Let c(p) = p**2 - 4*p - 5. Let i be c(5). Suppose 2*m + 6*m + 24 = i. Let u = 5 - m. What are the prime factors of u?
2
Suppose -2*v - 3 = 5*s + 4, 2*v + 1 = -3*s. Let k be s/24 + (-498)/(-16). Let p = k + 3. List the prime factors of p.
2, 17
Suppose 3*s = 5*u - s - 8, 5*s = u - 10. Suppose -3*x + 87 = -u*x. Suppose -4*c + x = -183. List the prime factors of c.
53
Suppose 4 = -4*z - j, 3*z + 5*j = z - 2. Let w = -10 + z. Let n = 12 - w. List the prime factors of n.
23
Let s(j) = -2*j**2 - j + 5. Let v be s(0). Suppose -o = -v*c - 7, -4*o - o - 31 = -3*c. What are the prime factors of ((-26)/o)/((-3)/(-12))?
13
Let u(t) = -11*t + 2. Suppose 0 = c - 7. Suppose -c*m = -5*m + 8. What are the prime factors of u(m)?
2, 23
Suppose 27 + 8 = 5*g + 5*y, -5*y = 0. Let s(z) = 3*z**2 + 3*z - 11. What are the prime factors of s(g)?
157
Let z be (-1)/(-2) + 59/2. Suppose 0 = 5*i - 10*i - z. Let n = -4 - i. List the prime factors of n.
2
Suppose 1332 = 32*g - 29*g. List the prime factors of g.
2, 3, 37
Let n = 24 - 19. Suppose -29 = -n*s + m - 3*m, 0 = 3*s - m - 13. Let i(w) = w**2 + 3*w - 5. List the prime factors of i(s).
5, 7
Let i(y) be the first derivative of -y**5/60 - y**4/3 + 2*y**3/3 - 7*y**2/2 + 6. Let r(j) be the second derivative of i(j). List the prime factors of r(-7).
11
Suppose 49*z = 108*z - 166911. What are the prime factors of z?
3, 23, 41
Let f(s) = -s**2 + 55*s + 262. What are the prime factors of f(55)?
2, 131
Let l = -677 + 2273. List the prime factors of l.
2, 3, 7, 19
What are the prime factors of 5*(-7)/35 + (-2 - -768)?
3, 5, 17
Let j = -21 + 31. Suppose -x + j*x - 1620 = 0. What are the prime factors of x?
2, 3, 5
Let d = 3448 + 158. List the prime factors of d.
2, 3, 601
Let m be 26/6 - (30/9)/10. What are the prime factors of (2 + (-56)/m)/((-2)/11)?
2, 3, 11
Let f = 8 + -5. Let o be 4*8*(-6)/f. Let x = -40 - o. What are the prime factors of x?
2, 3
Let u(n) = 91*n - 4. Let f be u(2). Suppose f = 2*a + 6. List the prime factors of a.
2, 43
Let t = 39 + 31. Let o = t - 58. List the prime factors of o.
2, 3
Let d(p) be the third derivative of 2*p**4/3 - 10*p**3/3 + 26*p**2. What are the prime factors of d(8)?
2, 3
Let v(q) = -9*q**2 - 7*q - 1. Let t(k) = k**2 - k. Let o(l) = -6*t(l) + v(l). Let x be o(1). What are the prime factors of (2 - (x + 2))/1?
17
Suppose -527 = -2*k + 11*g - 6*g, -3*g + 15 = 0. List the prime factors of k.
2, 3, 23
Suppose 0 = 100*f - 72*f - 7448. What are the prime factors of f?
2, 7, 19
Let v(z) = z**2 - 5*z - 4. Let l be v(6). What are the prime factors of (50/l)/((-9)/(-9))?
5
Let h = -21 - -49. List the prime factors of (-1)/(-7) - (-2432)/h.
3, 29
Let q(x) = 6*x**2 + 37*x + 19. List the prime factors of q(-15).
2, 11, 37
Suppose 1608 = 3*p + 4*n, -4*p + 573 = n - 1558. What are the prime factors of p?
2, 7, 19
Suppose 4*f = -4*u - 3 - 1, 2*u + 5*f - 1 = 0. Let a be (1 + -2)/(-1 + 2). What are the prime factors of (a/u)/((-1)/(-30))?
3, 5
Let w be 9/12 + 13/4. Suppose -3*z = -w*b - 102, -159 = -3*z - 2*z + 3*b. What are the prime factors of ((-10)/z)/(1/(-69))?
23
Let j = 1904 + -1360. What are the prime factors of j?
2, 17
Suppose -g + 1020 - 314 = 0. List the prime factors of g.
2, 353
Let d be (36/(-8))/((-6)/16). Let l = -57 + 59. List the prime factors of 62/12 - l/d.
5
Let z be 1/(-3) - (-7)/3. Suppose -5*v - 308 - 1536 = z*y, -5*y + 726 = -2*v. What are the prime factors of (-6)/4*v/24?
23
Let r(t) = -4*t + 16. Let x be r(7). Let v = x + 25. List the prime factors of v.
13
Let i(w) = -w**3 - 6*w**2 - 4*w + 15. Let h be i(-5). Let p = 26 + h. List the prime factors of p.
2, 3
Let q(r) = 3*r**3 - 11*r**2 - 3. What are the prime factors of q(8)?
829
Let o(c) = 3*c**3 + 56*c**2 - 8*c - 38. What are the prime factors of o(-18)?
2, 13, 29
Suppose -3*o + 1723 = 2*h, 4*o + 5*h - 1226 = 1069. List the prime factors of o.
5, 23
Suppose 4687 = -4*t + 8*t - k, -2*k = 2*t - 2346. What are the prime factors of t?
2, 293
What are the prime factors of (74/(-8))/(53/(-1272))?
2, 3, 37
Let b be (3 - 3) + 4 - 8. Let n be (-1 - 0)*(b + 0). Suppose -n*d + 22 = -2*d. What are the prime factors of d?
11
Suppose -2*s + 2 = -10. Let h = -22 - s. List the prime factors of -33*(2 - h/(-12)).
11
Let q = -44 - -65. Let x = -10 + q. List the prime factors of x.
11
Let k(h) = -h**3 - 4*h**2 + 2*h + 14. Let m be k(0). Suppose -l + 4*r - 3 = 0, 2*l = 7*l - 5*r + 15. Let p = l + m. List the prime factors of p.
11
Let v be (((-10)/6)/((-2)/(-636)))/(-2). What are the prime factors of (v/10)/(2/8)?
2, 53
Let i(z) = -z**2 + 55*z - 207. What are the prime factors of i(48)?
3, 43
Let u = 32 - 61. Let g = 48 + u. What are the prime factors of g?
19
Suppose y - 6 = -9. List the prime factors of (-14)/(-4) + y/6 + 128.
131
Let q(j) = 16*j**2 - 3*j - 19. Let m be q(-4). Let v = m - 119. List the prime factors of v.
2, 5, 13
Let m = 32 + -29. Let l(x) = m + 2 - 5 - 2*x + 10*x**2. List the prime factors of l(1).
2
List the prime factors of 4/7 - 2768/(-56).
2, 5
Let s(y) = -y**3 - 6*y**2 + 4*y + 1. Let o be s(-6). Let c(v) = -v**3 - 24*v**2 - 28*v + 15. What are the prime factors of c(o)?
2, 5, 13
Let t be 80/(-30)*3/(-2). Suppose -z = t - 59. List the prime factors of z.
5, 11
Suppose 0*d - 5*d = -50. Suppose -h - d = k, 4*k - 5*h + 129 = 44. Let z = 22 - k. List the prime factors of z.
37
Suppose -2*d = -4*d + 18. Suppose d*n - 4 = 7*n. Suppose -7 = n*t - 13. List the prime factors of t.
3
Suppose 13*p = 15*p - 1754. List the prime factors of p.
877
Let r be -10 - 9/(27/(-6)). Let y be 8/32 + (-430)/r. Suppose -g - 2*g = -y. What are the prime factors of g?
2, 3
Let c(k) = -k + 1. Let v be c(-6). Suppose 11*s - 16 = v*s. Suppose -28 = -2*t - 2*p, -5*t + 24 = -3*t + s*p. What are the prime factors of t?
2
Let b be ((-1490)/15)/(2/(-3)). Let x = b - -118. List the prime factors of x.
3, 89
Let c = 142 - -281. List the prime factors of c.
3, 47
Let u(f) = 4*f**2 - 3*f + 4. Let q be u(3). Let a = q - -109. Suppose 25 = -5*t + a. List the prime factors of t.
23
Let g(r) be the second derivative of -r**5/20 + 3*r**4/4 + 5*r**3/6 - 5*r**2 + 5*r. List the prime factors of g(9).
5, 7
Let g = -3397 + 7121. What are the prime factors of g?
2, 7, 19
List the prime factors of -4*-1*(-2218)/(-8).
1109
Let p(j) = 3*j + 12. Let l(v) = -3*v 